8 and 1318.
2
What is the highest common divisor of 605 and 1895?
5
Calculate the greatest common factor of 29196 and 2412.
36
Calculate the highest common divisor of 1512 and 27496.
56
Calculate the greatest common divisor of 2464 and 4088.
56
Calculate the greatest common divisor of 13973768 and 106.
106
What is the highest common divisor of 336 and 28875?
21
Calculate the highest common divisor of 4 and 44852.
4
Calculate the highest common divisor of 1098 and 573522.
366
What is the greatest common divisor of 45 and 74772?
9
What is the highest common divisor of 2310 and 75810?
210
Calculate the highest common factor of 46096 and 4.
4
What is the greatest common factor of 192842 and 130?
26
What is the greatest common factor of 1089 and 44?
11
Calculate the greatest common divisor of 2675 and 59492.
107
Calculate the greatest common factor of 13 and 6668051.
13
What is the greatest common divisor of 198 and 6446781?
99
What is the highest common factor of 37692 and 228?
12
What is the greatest common factor of 2400 and 1070?
10
Calculate the highest common divisor of 160 and 47320.
40
What is the highest common divisor of 745 and 1591469?
149
What is the greatest common factor of 129 and 9976?
43
What is the greatest common factor of 305 and 12640?
5
Calculate the highest common divisor of 816 and 678.
6
Calculate the highest common factor of 8745 and 12810.
15
What is the greatest common divisor of 2043795 and 1410?
705
What is the greatest common divisor of 486 and 113049?
27
Calculate the greatest common divisor of 2635 and 40137.
17
Calculate the greatest common divisor of 200 and 5560.
40
Calculate the highest common divisor of 21998 and 544.
34
What is the greatest common divisor of 35705 and 3330?
185
What is the greatest common divisor of 55 and 1771715?
55
What is the highest common divisor of 2131718 and 74?
74
Calculate the greatest common factor of 12 and 21108.
12
What is the greatest common divisor of 42651 and 63?
63
What is the greatest common factor of 473 and 16929?
11
What is the greatest common factor of 517 and 4749679?
517
What is the highest common factor of 13395 and 240?
15
What is the greatest common divisor of 18 and 180072?
18
What is the greatest common factor of 75 and 34725?
75
Calculate the greatest common divisor of 2124 and 15104.
236
Calculate the greatest common factor of 688268 and 376.
188
Calculate the greatest common factor of 454 and 200895.
227
What is the highest common divisor of 60 and 11705?
5
What is the greatest common factor of 528098 and 568?
142
What is the greatest common divisor of 16168230 and 45?
45
Calculate the highest common divisor of 3014 and 69014.
22
What is the highest common divisor of 6 and 2959302?
6
What is the highest common factor of 7 and 10331?
1
Calculate the greatest common divisor of 565868 and 7712.
964
What is the greatest common divisor of 1235 and 1995?
95
What is the highest common factor of 1625 and 83265?
65
What is the highest common divisor of 76 and 191159?
19
What is the greatest common factor of 289278 and 2376?
594
Calculate the greatest common factor of 175987 and 217.
217
Calculate the highest common factor of 13423 and 372.
31
What is the highest common factor of 10486 and 1519?
49
What is the greatest common factor of 232697 and 141?
47
What is the greatest common factor of 520064 and 34?
34
What is the greatest common factor of 345168 and 81?
27
What is the highest common divisor of 16637 and 635?
127
Calculate the greatest common divisor of 13 and 89219.
13
Calculate the greatest common factor of 6893 and 2599.
113
What is the greatest common divisor of 52038 and 1176?
294
What is the greatest common factor of 34039 and 9?
1
What is the highest common factor of 739591 and 857?
857
Calculate the greatest common divisor of 389442 and 846.
282
What is the greatest common factor of 39470 and 160?
10
Calculate the greatest common divisor of 21444 and 480.
12
Calculate the greatest common divisor of 5 and 5195.
5
What is the greatest common factor of 794 and 454962?
794
What is the highest common divisor of 300 and 121500?
300
What is the greatest common divisor of 61671 and 86946?
1011
What is the greatest common divisor of 7935 and 17986?
529
Calculate the greatest common factor of 6292 and 968.
484
What is the greatest common divisor of 33520 and 10?
10
What is the greatest common factor of 391671 and 63?
63
What is the highest common factor of 13815 and 11359?
307
Calculate the greatest common factor of 2542553 and 13.
13
Calculate the highest common factor of 57138 and 44322.
534
What is the greatest common divisor of 21837 and 44283?
87
Calculate the highest common divisor of 1237338 and 3498.
318
What is the greatest common factor of 649 and 90506?
59
Calculate the greatest common divisor of 4825 and 1544.
193
Calculate the highest common factor of 2101 and 86295.
11
What is the greatest common divisor of 6206 and 8497?
29
What is the greatest common factor of 423 and 208821?
141
Calculate the highest common factor of 10579 and 1043.
149
What is the greatest common factor of 969 and 6018?
51
Calculate the greatest common divisor of 51467 and 17797.
481
Calculate the greatest common factor of 43830 and 1990.
10
Calculate the greatest common factor of 6104 and 896.
56
What is the greatest common divisor of 724 and 2468?
4
What is the highest common factor of 1431 and 3996?
27
What is the highest common factor of 3417 and 714?
51
What is the greatest common divisor of 198 and 2266?
22
Calculate the greatest common divisor of 169 and 29.
1
What is the highest common factor of 513032 and 104?
104
What is the highest common factor of 15768 and 16425?
657
What is the greatest common divisor of 3885 and 92085?
105
Calculate the highest common divisor of 1238 and 2069317.
619
Calculate the greatest common factor of 8749804 and 532.
532
What is the highest common factor of 1355 and 284821?
271
What is the highest common factor of 5 and 4835?
5
What is the highest common factor of 2413 and 121505?
19
What is the highest common factor of 292189 and 265?
53
What is the highest common divisor of 72 and 3664?
8
Calculate the greatest common factor of 13386 and 37536.
138
Calculate the highest common factor of 15 and 18327.
3
Calculate the greatest common divisor of 8261883 and 199.
199
Calculate the highest common divisor of 5265 and 6183.
27
What is the greatest common factor of 50952 and 1496?
88
What is the greatest common factor of 4360 and 374415?
545
Calculate the highest common factor of 77 and 214104.
11
Calculate the greatest common factor of 2101107 and 263.
263
Calculate the highest common divisor of 62616 and 312.
24
Calculate the highest common factor of 18 and 23870952.
18
What is the greatest common divisor of 11737 and 11?
11
Calculate the greatest common factor of 36025 and 825.
275
What is the highest common factor of 4077450 and 1025?
1025
What is the highest common divisor of 220 and 25751?
11
Calculate the highest common divisor of 6 and 240978.
6
What is the greatest common divisor of 10704 and 129117?
669
What is the highest common factor of 160480 and 96?
32
Calculate the greatest common divisor of 148 and 1739.
37
Calculate the highest common factor of 372208 and 16.
16
Calculate the greatest common factor of 4617 and 95.
19
Calculate the greatest common divisor of 378165 and 3400.
85
Calculate the greatest common divisor of 5265 and 165240.
405
What is the highest common divisor of 546 and 17394?
78
Calculate the highest common divisor of 1028508 and 26.
26
What is the highest common divisor of 6 and 259566?
6
What is the greatest common divisor of 290 and 55535?
145
What is the greatest common factor of 1443620 and 551?
551
What is the highest common factor of 50 and 440?
10
Calculate the highest common factor of 2222 and 572.
22
Calculate the greatest common divisor of 312 and 44031.
39
What is the highest common divisor of 1569570 and 1582?
226
Calculate the highest common divisor of 680 and 73040.
40
Calculate the highest common divisor of 17 and 1974227.
17
Calculate the highest common divisor of 94 and 2333503.
47
What is the greatest common factor of 115 and 21025?
5
What is the highest common divisor of 473 and 99244?
43
Wh